e
Let r(c) = 49*c - 117. Is r(16) prime?
False
Let w be (-7)/(-5) - 3/(-5). Let x be w/(-13) + (-15994)/143. Let t = x + 531. Is t prime?
True
Is 1151/(-1)*(-23 + 16) a composite number?
True
Let z = 1 - -4. Suppose -3*y + 2*h + 2109 = 0, -z*h - 2115 = -3*y - h. Is y a composite number?
False
Let o(t) = -t**3 + 6*t**2 + 13*t - 15. Let v be o(7). Let q = -5 - -8. Suppose -s = -2*g + v, -2*g + q = -g - 4*s. Is g composite?
True
Let r(i) = -12*i**2 + 8 - 1 + 10 + 0*i**3 + 7*i - i**3. Is r(-13) prime?
False
Suppose -5*d + 38050 = 5*n, -7590 = -4*n + 3*n - 5*d. Is n a prime number?
False
Let l(c) = 2*c**2 + 2*c - 2. Let g be l(2). Let w(t) = -1 + 62*t + 3*t + 27*t. Is w(g) a prime number?
True
Let h be 2/(-3)*-3 + (2 - 4). Is 1*(h + 3 + 140) a composite number?
True
Suppose -6 = 3*j + 3. Let t(l) = -5*l**3 + l**2 + 2*l - 7. Is t(j) a composite number?
False
Let t(m) = m**2 + m. Let a(v) = 32*v**2 - 5*v - 6. Let n(p) = a(p) - t(p). Is n(5) a composite number?
False
Suppose -156*j = -163*j + 270473. Is j composite?
False
Let f(x) be the second derivative of 0 - x - 1/6*x**3 + 5/2*x**2 + 5/12*x**4. Is f(-7) composite?
False
Suppose -491 = -2*y - 5*b, -y + 3*b + 247 = 5*b. Is y a composite number?
True
Is (-984172)/(-84)*(-9)/(-3) composite?
False
Suppose -2*w + 22975 = 5*y, -4*y + w - 7005 + 25398 = 0. Let i = y + -3198. Is i a composite number?
False
Let w(q) = 309*q - 15. Let u(o) = 154*o - 7. Let a(j) = 5*u(j) - 2*w(j). Is a(2) a prime number?
False
Suppose 2081 = 4*o - 415. Suppose -a - 3*a = -o. Let h = a + 43. Is h composite?
False
Suppose -5*p - 22 = f + 1, 5*p = 4*f - 33. Is 53 + (0/f - -4) a composite number?
True
Suppose 5*m - 5 = 0, 2*v + v - m = 977. Suppose 5*j + v = -149. Is 0/2 - (j - -10) prime?
False
Suppose 5*z - 3*i - 1 - 8 = 0, 0 = 3*z + 4*i - 17. Let g be 3/2*4/z. Suppose -4*r = -8*r + 3*q + 379, -g*r = -3*q - 197. Is r a composite number?
True
Let h be ((-5 - -3)*2)/(-1). Suppose 2415 = 4*j + 2*w + 635, h*j - 1794 = 5*w. Is j prime?
False
Let o(y) = -y**3 - 86*y**2 - 337*y - 173. Is o(-82) a prime number?
False
Suppose 3*a = -4*p + 21639, -5*p + 9 = -8*p. Is a prime?
False
Let m = -14 - -20. Suppose 9*u - 1161 = m*u. Suppose -5*f + u + 398 = 0. Is f prime?
True
Let c be 2/3 - 187/51. Let l = -19 - c. Is ((-6372)/l + 2)*4 a composite number?
False
Suppose 6 = k - 0. Suppose -k*p = -4229 - 12481. Suppose t - 6*t = -p. Is t composite?
False
Let c(k) = -k**2 + k + 1. Let y be c(-1). Let r(i) = 721*i**2 - i. Let x be r(y). Suppose -b = -3*g + 534, 4*g = -2*b - 0*b + x. Is g a composite number?
False
Let n(f) be the first derivative of -f + 5/3*f**3 + 0*f**2 + 1. Is n(4) composite?
False
Let a(g) = -60*g + 239. Is a(-45) prime?
True
Let g be (-14)/6 + 3 - (-44)/(-12). Let t(d) = -3*d**3 - 3*d**2 - 4*d + 3. Is t(g) prime?
False
Suppose -6*k + 5*k = 44. Let j be k/(-8) - (-2)/(-4). Suppose w - 3*w = -4*q - 164, -q = j*w - 366. Is w composite?
True
Let w(u) = 13*u - 35. Let c = 84 - 76. Is w(c) a composite number?
True
Suppose -3*j - 5*u + 41 = -0*u, -4*j + 36 = 2*u. Suppose j*q - 10*q = -3183. Is q prime?
True
Let c(l) = -l**2 + 4*l + 3. Let z be c(5). Let o be 3/2*(-8)/6. Is (-1)/(z/(o - -360)) a prime number?
True
Let f = -1889 - -6242. Is f a prime number?
False
Is 1588/12*(-2 + (8 - 3)) a composite number?
False
Suppose 4*k + 7 = 3*o, 3*k + 2*k + 23 = -o. Is (-10)/(-15) - 157/o a composite number?
False
Let u(v) = v**2 - v - 9. Let d be u(-7). Suppose -4*m - d + 19 = 4*g, m = 0. Let y(x) = x**2 + 4*x - 6. Is y(g) prime?
False
Let t = 1084 + 323. Let n = 1945 - 2769. Let v = t + n. Is v composite?
True
Suppose z + 4*j = 82345, 0 = -9*z - 11*j + 7*j + 741233. Is z composite?
False
Suppose -41*a + 2888273 = 683580. Is a composite?
False
Let h = -79 + 81. Suppose -5*z = g - 1310, -3*g = -0*g - 15. Suppose 926 = h*q - x + z, q - 3*x - 325 = 0. Is q a composite number?
True
Let a = -8 + 14. Let b be (-644)/(-2) + a + -4. Suppose -g + b = -179. Is g composite?
False
Let g(o) = -5*o - 90*o**2 + 306 - o**3 + 325 + 4*o + 89*o**2. Is g(0) a composite number?
False
Let z = -456 + -333. Let d = -1290 - 908. Let k = z - d. Is k prime?
True
Suppose 0 = 5*k - 2*o + 1637 + 7035, -3*k + 4*o - 5206 = 0. Let p = k + 3215. Is p a prime number?
True
Let y(f) = f - 2. Let s be y(4). Suppose 4*o + 0*c = -s*c + 3212, -2*c = 5*o - 4017. Let b = -558 + o. Is b composite?
True
Suppose -q - 7*q = -38888. Is q a composite number?
False
Let a(r) = 6*r - 2. Let t be a(1). Suppose t*s - s = -3*x - 9, 3*s = 4*x - 2. Is ((-1004)/4*1)/x a composite number?
False
Suppose -v + 127588 = 3*o, 3*o + 2*v = 66487 + 61102. Is o composite?
True
Suppose 3*k = -3*s + 9, 18 + 9 = 4*k - s. Suppose -k*w + 9*w + 2*g - 1227 = 0, -1206 = -3*w + 5*g. Is w prime?
False
Let j = -28 + 13. Let a = j + 14. Is a + (866 - (-8)/(-4)) prime?
True
Let v = -40 + 23849. Is v composite?
True
Let h(x) = -3*x**3 - x - 1. Let c be h(-1). Suppose c*r - 2*r + 3270 = 2*l, -5*r = -l + 1617. Is l composite?
False
Let y = 7049 + 768. Is y a prime number?
True
Is 5329 + 9 + -1 + -4 composite?
False
Suppose 3*j = 7*j - 3*u - 40, 0 = j - u - 11. Let v(z) = -31*z**2 - 2*z - 11. Let r be v(j). Let g = 2185 + r. Is g prime?
True
Suppose 0 = -4*c - v + 58473, 4*c - 58483 = -12*v + 9*v. Is c composite?
True
Let y be 130/(-1 + -1 + 1). Suppose -5*q + 2*j = -982 - 287, -4*q = -5*j - 1022. Let v = y + q. Is v a composite number?
True
Let i(v) = v**3 - 4*v**2 + 4*v - 5. Let d be i(4). Let q(m) = 116*m - 24. Let h be q(d). Let k = h + -275. Is k prime?
True
Suppose 0 = 556*h - 554*h - 47206. Is h composite?
False
Suppose -13923 = -5*b + 472. Is b prime?
True
Let x(c) = -c**3 - 11*c**2 + c + 9. Let p be x(-11). Let r be ((-2 - p)/3)/1. Suppose 3*h - 517 + 115 = r. Is h prime?
False
Let d be (-8)/14 - (-25)/7. Suppose 4*r = -f - 2540, -d*f + 2*r = -4*f - 2550. Is (-4 - -1) + f/(-8) a prime number?
True
Let w = -8225 + 25080. Is w prime?
False
Is 13518*(-3)/(-6) - -2 a composite number?
False
Let h(n) = 69*n**3 - n**2 + 1. Suppose -4*o + 5*d + 10 + 14 = 0, o + 3*d = -11. Let q be h(o). Suppose 4*m = 241 - q. Is m a composite number?
False
Let u = 61761 + -24814. Is u a prime number?
True
Let p(w) be the third derivative of w**4/12 - 10*w**3/3 - 8*w**2. Let n be p(11). Suppose -n*o + 952 = 2*f, -f + 4*f - 1398 = 3*o. Is f a prime number?
False
Is 7 + (-7176)/(-6) - 0 a composite number?
True
Suppose 4*i + 2*b = 4, 5*i - 3*b - 11 = -4*b. Let r = 630 + 29. Suppose -o + r = i*h, 2*o - 1097 = -5*h - 0*o. Is h composite?
True
Let t = 25818 - -5579. Is t a composite number?
False
Let i(j) = -j - 3*j**2 + 0*j**3 + 3*j**3 - 2*j**2 + 7 - j**3. Is i(5) a composite number?
False
Is (-2)/((-9)/1036242*4) prime?
False
Let j = 6571 + -3026. Is j prime?
False
Let p(n) = -n + 18. Let v be p(4). Is 4/14 + 1074/v composite?
True
Suppose -a + q = -10756, 2*a - 3*q = -0*q + 21511. Is a a prime number?
False
Suppose p + 1029 - 7222 = 0. Is p prime?
False
Let k be (0 - 0) + 3/((-9)/(-159)). Suppose -2 + 28 = i. Suppose 0 = -h + k + i. Is h composite?
False
Suppose 31 = 2*n - p + 6*p, 4*n = 3*p - 3. Suppose 3*v + 0 = -n. Let s(r) = 258*r**2 + r. Is s(v) prime?
True
Let f = 128 - 124. Suppose -3*b + 3*m - 215 = -5*b, -4*b + 428 = f*m. Is b a composite number?
True
Let l = 1256 - 461. Let h = 254 + l. Is h prime?
True
Let h = 5553 + -1960. Is h a composite number?
False
Let k(q) = -q**3 + 5*q**2 + q - 2. Let f = -9 - -14. Let m be k(f). Suppose 0*i + s = 5*i - 1779, m*i - 3*s - 1077 = 0. Is i prime?
False
Suppose -4*m + 11 = 4*o - 5*o, -13 = -2*m + 3*o. Let t = -1 - -33. Is 25/m*t/40 a composite number?
True
Let p(w) = 3*w + 10. Let r(h) = -h**2 + 10*h + 29. Let y(d) = 8*p(d) - 3*r(d). Suppose g + 2*f - 12 = 0, g + 4*f - 1 - 17 = 0. Is y(g) a prime number?
False
Suppose 38 = 14*f - 32. Suppose -7*s + 4086 = -4*s + g, f*s - 6793 = 4*g. Is s prime?
True
Let v(m) = -66*m**3 - m**2 - m - 1. Let j be (-3)/(-15) - (-230)/(-25). Let k(g) = g**3 + 8*g**2 - 9*g - 1. Let i be k(j). Is v(i) composite?
True
Is 1/(-1) + 3*(-4096)/(-6) composite?
True
Let g be (1768/(-65))/(9/5 - 2). Suppose 4*b - 3*t - g = 0, 6*b - b + t - 189 = 0. Is b a composite number?
False
Let n = 2077 - 781. Suppose u + 45 = v - n, 0 = 3*v - 2*u - 4025. Is v a composite number?
True
